 1. Let k be t(-2). Suppose 3*s - 2*u = 42 + 18, -5*u = 5*s - k. Is s/(-27) + (-4751)/(-3) a composite number?
False
Let l be (-2*412)/(-2) + 6. Suppose 116 = 6*r - l. Is r a prime number?
True
Let l(c) = 11*c**2 - 29*c - 48. Let p(h) = 5*h**2 - 14*h - 25. Let u(g) = 6*l(g) - 13*p(g). Is u(-34) prime?
False
Let n(s) be the second derivative of -7*s**5/10 - s**4/3 - 5*s**3/2 + s**2/2 - 83*s - 2. Is n(-6) prime?
True
Let r be 0*4/12 - (1 + -1). Suppose 2*l - 15*l + 234 = r. Suppose -53 + l = -5*w. Is w composite?
False
Let n(p) = -1593*p + 433. Is n(-6) a composite number?
True
Let m be ((-396)/(-21))/4 + (-14)/(-49). Is 134435/575 - -4*(-1)/m prime?
True
Let v(t) = -t**3 - 6*t**2 + 5. Let z be v(-6). Is z + -1 + -7 - (8 + -2502) a prime number?
False
Let u(h) = 1476*h**2 + h. Suppose -107 - 1 = 3*d. Let l = d - -37. Is u(l) prime?
False
Let g = 38 + -35. Suppose 0*x = -g*x. Suppose 2*y = -l + 595, y + l + 4*l - 284 = x. Is y prime?
False
Let g(u) = -16*u**2 + 24*u - 37. Let v be g(15). Let f = -1787 - v. Suppose 3*h - h - f = 0. Is h composite?
True
Suppose 5*u - 2788654 = -4*h - 828991, -2*u = 3*h - 1469749. Is h composite?
True
Suppose -56*o + 55*o + 168892 = 2*t, -9*t + 3*o + 759954 = 0. Is t composite?
True
Let f = -649520 + 1491157. Is f composite?
False
Suppose 2*l = -5270 + 15412. Suppose 3*p = -u + 2*u + l, 0 = -p + 3*u + 1685. Suppose -2*y + 5337 = p. Is y a composite number?
False
Suppose -115134 = -3*y - 26901. Is y a prime number?
True
Let l be 9/15*(1 + 1604). Suppose 13618 = 5*r + l. Is r a composite number?
False
Let r(g) = 44*g**3 + 5*g**2 + 18*g + 41. Let i be 2*(450/105 + 4/(-14)). Is r(i) prime?
False
Let b(n) = -6*n**3 + 3*n**2 + 19*n - 101. Is b(-11) a prime number?
True
Let t(w) be the third derivative of -11*w**6/60 - 3*w**5/20 + 5*w**4/12 - w**3/3 - 150*w**2. Is t(-7) composite?
True
Suppose 35*g + x - 606271 = 33*g, -909426 = -3*g + 5*x. Is g prime?
False
Let w = -37741 + 83222. Is w a prime number?
True
Let h be (-9)/(-12) - 474/24 - -1. Let f be ((-36)/8)/((-1)/h). Is 10/4 + (-12)/24 - f a composite number?
False
Let v = -33 + 43. Suppose -13*b = -v*b + 6. Is (-159 + (-10)/(-5))*2/b prime?
True
Let j(m) = 2*m**3 - m**2 - 6*m + 10. Let f be j(3). Suppose 1987 = -36*d + f*d. Is d prime?
True
Suppose 7*w = 2*w + 3*s + 9250, 4*w - 7400 = 4*s. Suppose 31*y - 30*y = w. Suppose 1132 + y = 6*x. Is x prime?
False
Is ((-134)/(-7))/((-74)/(-1833461)) prime?
False
Let w = 32380 - 3321. Is w prime?
True
Let l be (24/28)/(9/147). Is (-41111)/14*(-8)/l a composite number?
True
Let n be (11/(-55) + (-28)/10)*-1. Is n - 5 - -3 - -5970 prime?
False
Suppose 0*b + 10989 = 9*b. Let d = 2942 - b. Is d composite?
False
Let h(k) = 234*k + 271. Suppose -d - 3*b + 15 = 0, 4*b = -4*d + 5*b + 47. Is h(d) prime?
True
Suppose -73 - 9 = -41*l. Is 1*((-6293)/(-2) + -2)*l a composite number?
True
Let f(s) = 33286*s - 1115. Is f(6) prime?
False
Let n(y) be the third derivative of 21*y**5/20 - 41*y**4/12 + 7*y**3/6 + 20*y**2 + 8*y. Is n(12) composite?
True
Suppose 0 = -2*o - 3 + 15. Let z(t) = -t**2 + 4*t + 14. Let v be z(o). Suppose 0 = x + v*x - 117. Is x composite?
True
Let k = 30 + -26. Suppose 0 = -t - k*t + 1835. Let a = 674 - t. Is a composite?
False
Let m = 87138 + 238582. Is (-2)/(3 + m/(-108568)) composite?
True
Let s(m) = 3*m**3 - 10*m**2 - 5*m + 35. Let q be s(7). Suppose q*i - 530*i - 65187 = 0. Is i composite?
False
Let c(g) = -670*g + 29. Suppose 69 - 9 = -10*b. Is c(b) a prime number?
True
Let r(q) = -3*q**2 - 5*q**3 + 4*q**3 + 31*q + 35*q**2 + 2*q**3 + 13*q**2 - 83. Is r(-42) composite?
False
Let d(v) = 11861*v + 5007. Is d(50) prime?
True
Let y be (1 + (-81970)/10)/(3/(-4)). Suppose 11287 = 15*q - y. Is q a composite number?
False
Let c = -1464 - -586. Let q(a) = -2*a**3 - 10*a**2 + 5. Let w be q(-8). Let y = w - c. Is y prime?
False
Is 3/(-4)*(244/915)/(1/(-440345)) prime?
True
Let u = 1479 - 3421. Let s be u/(-16) - (-6)/(-16). Is (-2)/11 - (-6919)/s a prime number?
False
Suppose n - k - 41726 = 0, n - 3*k - 17370 = 24350. Is n a composite number?
False
Let y(c) = 14 - 36*c + 82*c + 11*c**3 - 4*c**2 - 39*c + 4*c**2 + 7*c**2. Is y(9) a prime number?
True
Let g(j) = -j**2 + 51. Let c be g(-7). Suppose -c*n - 2*n = -3*s + 29711, 3*s + 4*n - 29671 = 0. Is s prime?
False
Let f = 11562 - 12278. Suppose 2*z = 5*y + 3443, -2*z + 7*z + 3*y - 8530 = 0. Let r = z + f. Is r a composite number?
True
Suppose -29*w + 502 = -513. Is (-261078)/(-36) - w/(-42) prime?
True
Suppose -336 = 2*c + 96. Let y be (4/(-6))/(4/c). Suppose 0 = -4*r - 0*r + y. Is r prime?
False
Suppose -2*x = -x + 3, -4*u = 2*x - 26. Suppose 4*p - u = 0, -2*y + 5*p + 1470 = 256. Let r = 1021 - y. Is r a prime number?
True
Suppose -b - 2*b + 243 = 0. Let l(r) = 167*r - 36. Let i be l(-2). Let h = b - i. Is h prime?
False
Suppose 8*z - 264366 = 10. Suppose -3*u = -f - 99141, -u + z = -22*f + 17*f. Is u a composite number?
True
Suppose 32*l = 344906 + 733590. Is l composite?
False
Let j(m) = 269*m**3 - m**2 + 2*m - 3. Let i be ((-4)/5)/((-36)/(-15) + -2). Let c be (0 - i) + 0/2. Is j(c) composite?
True
Is -11 + (-891223 - -7)/(-12) prime?
True
Let w(p) = -553*p + 116. Let r be w(13). Is r/(-44) - (-1)/4 a prime number?
False
Let o be (-5 + 6)*(1 - 1). Suppose o = 3*l - 2*l + m - 2170, -3*l - m + 6516 = 0. Suppose l = 22*r - 21*r. Is r a composite number?
True
Let t = -86 + 50. Let v = t - -49. Suppose -10*w + v*w = 1257. Is w a composite number?
False
Let s = 2 + -3. Let k be -94*(-75)/(-6) + s. Is (k/(-15) + 2)/(6/15) prime?
False
Suppose 5*m = -4*y + 120, -92 = -4*y + 9*m - 7*m. Suppose -y*s + 31208 = -34617. Is s a prime number?
True
Let m(j) = 130*j**3 - 6*j**2 - 31*j + 218. Is m(5) a composite number?
True
Suppose -32*d + 39*d + 1783973 = 3*q, 3*q - d = 1783961. Is q composite?
False
Let x(a) = -13*a + 17803. Suppose -v - 4*v - 2*r + 2 = 0, -3*r = 4*v - 3. Is x(v) composite?
True
Suppose -2*u = 2*n - 2997750, -464929 = -u + 4*n + 1033926. Is u composite?
True
Suppose 2*q - 2*f = 1826412, f + 840805 = 2*q - 985608. Is q prime?
False
Let v be ((-8)/(-5))/(7/(-70)). Let m = 20 + v. Suppose 4*b - 5*w = 64 + 35, -m*b - 3*w = -139. Is b prime?
True
Suppose -2253 = 24*c + 7851. Let y = c + 780. Is y composite?
False
Let b be 4 + 6/3 + 5966. Let a = 5285 + b. Is a a composite number?
False
Let i = 7524 - -3037. Is i a composite number?
True
Let v(l) = l + 28. Let c be v(-5). Suppose -3*x + 2*f + 2639 = 0, -2*x - c*f + 1759 = -24*f. Is x a prime number?
False
Suppose -7 = -l - 6*l. Suppose -l = m, -4*d - 3*m + 243 = -5222. Is d composite?
False
Let n be (-4 - -3)*(-3 + 5)*-44456. Suppose -4*o + 88922 = -2*j, n = 2*o + 2*o - 4*j. Is o prime?
False
Let k(z) = z + 28. Let r be k(-25). Suppose 0 = -2*v + r*j + 1556, 3*j = -3*v + 1181 + 1183. Suppose -2*i = 3*u - 2355, -3*u + 2*u - i = -v. Is u prime?
True
Let h(z) = -8*z**2 + 6*z + 38. Let s be h(10). Let p = 2621 + s. Is p prime?
False
Let b(v) be the third derivative of 11*v**5/60 + 5*v**4/8 + 4*v**3 - 33*v**2. Is b(-2) a composite number?
True
Let c(m) = 3*m**2 + 21*m. Suppose 14 = -2*r - 0*r. Let z be c(r). Suppose 3*a - 779 - 478 = z. Is a a composite number?
False
Let j(q) = -576*q - 571. Is j(-18) a prime number?
False
Let i(k) = -15639*k**3 - k**2 - k - 2. Is i(-1) composite?
True
Suppose 212*o = 207*o + 20. Let d = 11 - 2. Suppose l = o*g + 1477, 3*l + d*g - 4481 = 11*g. Is l a prime number?
False
Let p be (5/(-6))/5 - (-3025)/150. Suppose 4*f - p = -2*i + 8*f, -2*i + 17 = -3*f. Suppose 5 = -d, i*d - 6*d + 2333 = 3*k. Is k composite?
True
Suppose -97 = 2*v + v - j, -3*v + 3*j - 87 = 0. Let o(f) = 8*f - 274. Let x be o(39). Let l = x + v. Is l prime?
False
Let r be 351/(-6)*(-40 + 14). Suppose 2*g - 918 = -2*m - 0*m, -3*m + 1363 = -4*g. Suppose x - 2*s - m = 0, 5*x + 2*s - r = 704. Is x composite?
True
Suppose -46433 = -10*s + 434357. Is s a prime number?
True
Is (-31 - 317856)*(-1 - (0 - 0)) a prime number?
True
Suppose 0 = 4*q + 3*x - 65 - 9, 88 = 4*q - 4*x. Is (-5)/25 - (-181824)/q a prime number?
True
Let g = 431346 - 300363. Is g a composite number?
True
Let b = 47 + -50. Let y be (-42)/(-9) - (4/b)/4. Suppose -3*m - 8*q + 4*q + 9625 = 0, -6426 = -2*m - y*q. Is m a prime number?
True
Let j(k) = 12960*k - 6517. Is j(13) a 